58
In base 5, what is 4 - -424?
433
In base 11, what is -17 + 15?
-2
In base 7, what is 2012 - -5?
2020
In base 2, what is 1 - -100100001?
100100010
In base 14, what is 5 - -97?
9c
In base 16, what is 1b4 - -1?
1b5
In base 12, what is 4 + 83?
87
In base 6, what is -2 - -5?
3
In base 9, what is 1 + 140?
141
In base 15, what is -2b5 - c?
-2c2
In base 16, what is -71 + -6?
-77
In base 15, what is 4 - 175?
-171
In base 8, what is 2010 - 1?
2007
In base 15, what is 107c + -3?
1079
In base 13, what is 9 + -1c4c?
-1c43
In base 14, what is 1335 + 5?
133a
In base 5, what is -30 - -1?
-24
In base 10, what is 9 + 6?
15
In base 6, what is 551 - 3?
544
In base 5, what is -3 + -14142?
-14200
In base 10, what is 0 - 107?
-107
In base 11, what is -4a35 - -5?
-4a30
In base 11, what is 56 + 3?
59
In base 4, what is -123 - -2031?
1302
In base 13, what is 3 - -118?
11b
In base 12, what is 1 + 43?
44
In base 10, what is 28 + -178?
-150
In base 3, what is -10 - -100001?
22221
In base 6, what is 42244 - 5?
42235
In base 14, what is -99 + -3?
-9c
In base 15, what is -6 + 738?
732
In base 14, what is 25 + -1?
24
In base 16, what is -ac + d?
-9f
In base 8, what is 32 + -147?
-115
In base 5, what is 1 + 10?
11
In base 9, what is -4 + 77?
73
In base 4, what is -20100 - 11?
-20111
In base 11, what is 5 - -1034?
1039
In base 12, what is -152 - 3?
-155
In base 16, what is b + 4c7?
4d2
In base 9, what is 18704 - -3?
18707
In base 10, what is -29 + 0?
-29
In base 7, what is -332 + -2?
-334
In base 7, what is -133 - -5?
-125
In base 10, what is 17 - 1576?
-1559
In base 9, what is -13581 + -1?
-13582
In base 5, what is 213 + 22?
240
In base 12, what is -b3 + -5?
-b8
In base 11, what is 14338 - 4?
14334
In base 13, what is 4 + -35?
-31
In base 13, what is -32b7 + 2?
-32b5
In base 4, what is 121 + -21?
100
In base 4, what is -33310 - 103?
-100013
In base 9, what is -108 + 18?
-80
In base 6, what is 2040 + 3?
2043
In base 10, what is -9 - -38?
29
In base 13, what is 2 + -700?
-6cb
In base 5, what is 430 - -12?
442
In base 4, what is 21033223 - -2?
21033231
In base 3, what is 10 + 1111?
1121
In base 16, what is -3 - -40?
3d
In base 14, what is -3 - 1a?
-1d
In base 4, what is 2 - 101?
-33
In base 11, what is -172 - 9?
-180
In base 7, what is -5 + -25111?
-25116
In base 11, what is 4 + -7a4?
-7a0
In base 7, what is 2 - -35?
40
In base 8, what is -176 - 4?
-202
In base 10, what is -4 - -21?
17
In base 6, what is 1412 + -4?
1404
In base 16, what is -206 - 5?
-20b
In base 4, what is -200 + -12320?
-13120
In base 8, what is 264 + 1?
265
In base 8, what is 36 - -23?
61
In base 14, what is -181 + 0?
-181
In base 12, what is -5 - -250?
247
In base 7, what is -61 + -5?
-66
In base 8, what is 4 - -154?
160
In base 12, what is -5a6 + -1?
-5a7
In base 3, what is 202 - -1012?
1221
In base 2, what is -1 + 10011101111?
10011101110
In base 16, what is -9 - 3a?
-43
In base 10, what is -5 - 730?
-735
In base 15, what is -2c - c4?
-101
In base 3, what is -112001 - 101?
-112102
In base 14, what is 5 - d59?
-d54
In base 16, what is -60 + -36?
-96
In base 3, what is -112200 - 2022?
-121222
In base 15, what is 2 - -5a?
5c
In base 10, what is 98 - 2?
96
In base 2, what is -100 + -10?
-110
In base 7, what is 4 + 315?
322
In base 13, what is 54 - 13?
41
In base 15, what is -62 + 0?
-62
In base 14, what is -58 + 0?
-58
In base 10, what is 11 + -2317?
-2306
In base 3, what is 100 - 1110?
-1010
In base 11, what is -14 + -25?
-39
In base 8, what is -21366 + 1?
-21365
In base 8, what is -377 - 35?
-434
In base 14, what is b + 12?
1d
In base 9, what is -460 - -10?
-450
In base 6, what is -3 - -11143?
11140
In base 7, what is -300 + -33?
-333
In base 12, what is 3 - 1?
2
In base 14, what is -4a1a - 0?
-4a1a
In base 2, what is 111 + 10101110?
10110101
In base 3, what is -10 + -200221?
-201001
In base 14, what is -7 + 3c?
35
In base 4, what is -11 + 121?
110
In base 8, what is 33 + -1?
32
In base 12, what is -305 - 1?
-306
In base 16, what is -3 - bf9?
-bfc
In base 5, what is -144 - 10?
-204
In base 10, what is -23 - -151?
128
In base 4, what is 1133 + -2?
1131
In base 8, what is -4 + 74?
70
In base 13, what is -1 - -1604?
1603
In base 8, what is 1 - -61?
62
In base 12, what is 5 + -25?
-20
In base 12, what is -5 - 3?
-8
In base 2, what is -1111 - 1100?
-11011
In base 9, what is 76 + 6?
83
In base 7, what is -5 - -100?
62
In base 15, what is 37 - -11e?
156
In base 11, what is -67 - 2?
-69
In base 14, what is 8 - -a?
14
In base 13, what is 7 + b9?
c3
In base 14, what is d36 - 4?
d32
In base 14, what is -233d - 1?
-2340
In base 12, what is 1 - -b6?
b7
In base 7, what is 21 + 146?
200
In base 2, what is 11001110 - -10100?
11100010
In base 15, what is -61 + -8?
-69
In base 12, what is 1 - b31?
-b30
In base 13, what is 9c8 + -3?
9c5
In base 16, what is -41 + -3?
-44
In base 3, what is 11122 - 10?
11112
In base 15, what is 4 - 1ca?
-1c6
In base 16, what is ea + 1?
eb
In base 7, what is -43 + -1020?
-1063
In base 3, what is 21210 + 12?
21222
In base 8, what is 210 - 23?
165
In base 9, what is -2 - -633?
631
In base 13, what is 1 + -8b?
-8a
In base 13, what is -2448a - -2?
-24488
In base 6, what is 1020 - -3?
1023
In base 10, what is -2801 + -9?
-2810
In base 2, what is -1 - 101000000?
-101000001
In base 16, what is -3c - -2?
-3a
In base 11, what is -5a - -3?
-57
In base 3, what is 212 - 1201?
-212
In base 13, what is -55c - -6?
-556
In base 7, what is -2624 - 10?
-2634
In base 13, what is 589 + -5?
584
In base 15, what is -2 + 16?
14
In base 11, what is 465 - 3?
462
In base 13, what is -4 + 39?
35
In base 4, what is 3 + -312?
-303
In base 9, what is -14 - -4?
-10
In base 8, what is 3 - 2166?
-2163
In base 9, what is -24 + -6?
-31
In base 15, what is 17c5 + 5?
17ca
In base 16, what is 2 - 4f?
-4d
In base 13, what is -6 + 9c?
96
In base 8, what is -3177 - 6?
-3205
In base 9, what is 166 + -3?
163
In base 7, what is 461 + 0?
461
In base 8, what is -3437 - -1?
-3436
In base 7, what is -11 + 351?
340
In base 14, what is 5 - 95?
-90
In base 9, what is 1182 - 1?
1181
In base 4, what is -123 + -31?
-220
In base 6, what is 0 - -304?
304
In base 8, what is -4555 - -5?
-4550
In base 5, what is -421 - 20?
-441
In base 6, what is 104 + -4?
100
In base 9, what is 3250 + 5?
3255
In base 4, what is 0 + 132212?
132212
In base 14, what is 458 + 2?
45a
In base 13, what is -83 + b?
-75
In base 15, what is -3 + -777?
-77a
In base 3, what is 0 - -10121?
10121
In base 8, what is 14473 + -4?
14467
In base 7, what is 0 + 102?
102
In base 4, what is 333 + 13?
1012
In base 11, what is 2 + 705?
707
In base 15, what is -73 - 18?
-8b
In base 4, what is 13210 + -1?
13203
In base 7, what is -14 + -223?
-240
In base 6, what is 1430 + -5?
1421
In base 8, what is 172 + 140?
332
In base 14, what is 4 + 2cd7?
2cdb
In base 13, what is 1 - 1678?
-1677
In base 5, what is -433 + 10?
-423
In base 9, what is -2 - 201?
-203
In base 13, what is 2cb - 5?
2c6
In base 2, what is -10 + -11?
-101
In base 8, what is 32 - -175?
227
In base 16, what is -8 - 4d?
-55
In base 8, what is 4 - -502?
506
In base 4, what is -10 - -20221?
20211
In base 12, what is 46 + -23?
23
In base 10, what is 8 - 11?
-3
In base 14, what is -3 - 646?
-649
In base 8, what is 5537 + 4?
5543
In base 14, what is 2 + -6d?
-6b
In base 8, what is 23 + -10?
13
In base 15, what is -cc9e + -5?
-cca4
In base 16, what is -3 - 1e?
-21
In base 5, what is -4 + -101?
-110
In base 14, what is 7d6 - -2?
7d8
In base 7, what is 41 - 13?
25
In base 10, what is -91 + -42?
-133
In base 11, what is 24 + -10?
14
In base 14, what is -4 - 113?
-117
In base 12, what is -246 - 5?
-24b
In base 11, what is 135 - 11?
124
In base 7, what is -2 - 610?
-612
In base 12, what is 266 - 4?
262
In base 10, what is -21 - -16?
-5
In base 16, what is -5a + 4f?
-b
In base 4, what is -11 - 102031?
-102102
In base 11, what is -11 + -61?
-72
In base 6, what is -443 + 3?
-440
In base 11, what is 1 + 0?
1
In base 13, what is 175 - 11?
164
In base 15, what is 28 + -7?
21
In base 3, what is -102 + -222?
-1101
In base 16, what is 6 - c6?
-c0
In base 8, what is -1055 + 23?
-1032
In base 2, what is 110 + 1111010101?
1111011011
In base 8, what is -47 + -3?
-52
In base 9, what is -517 - -5?
-512
In base 12, what is -5 - 15a?
-163
In base 12, what i